t q(l) = 2*l**2 + 40*l + 13. What is the remainder when q(-25) is divided by 84?
11
Suppose 4*l - 499 + 387 = 0. Calculate the remainder when 164 is divided by l.
24
Let q(d) = -5*d + 116. Calculate the remainder when 430 is divided by q(17).
27
What is the remainder when 582 is divided by (13 - 594/36)*(-284)/7?
14
Calculate the remainder when 2355 is divided by 7*248/112*8.
123
Let d(v) = -49*v - 3. Suppose 34*y = 47*y - 312. What is the remainder when d(-2) is divided by y?
23
Let m = -16 + 30. Let s = 174 + -92. Suppose 0*i + s = 2*i + j, 3*i = j + 118. Calculate the remainder when i is divided by m.
12
Suppose 0 = d + 4*d - 50. Suppose -2*p - 4*j + 24 = -6*p, -2*j + 20 = -3*p. What is the remainder when (-30 + 1)*(p - -7) is divided by d?
9
Let b(q) = -q**2 - 22*q - 1. Let u be b(-18). Suppose 14*m = 13*m + u. What is the remainder when m is divided by 24?
23
Let t(l) = -l**3 - 5*l**2 + 2*l + 3. Let k be t(-4). Let j = k - -32. Calculate the remainder when 19/(-4)*-4 - (0 + 0) is divided by j.
8
Let z(s) = 29*s - 2. Suppose -35*i + 461 + 64 = 0. What is the remainder when z(2) is divided by i?
11
Let b(w) = w - 6. Let s be b(6). Suppose 3*x - 18 = 2*d, -x - 7 = -s*x - 5*d. Calculate the remainder when 2/((-6)/9) + 16 is divided by x.
5
Suppose -4*z + n + 17 = 0, -4 = -2*z - n - 3. Calculate the remainder when 28/10*(34 + -29) is divided by z.
2
What is the remainder when (2 - 3)*-1281 + (-38)/19 is divided by 61?
59
Let s(l) = l**2 - 5*l - 5. Suppose 0 = 278*t - 286*t + 48. Calculate the remainder when s(7) is divided by t.
3
Let k be 9/(-18) - (-182)/(-4). Let m = -38 - k. What is the remainder when 32 is divided by m?
0
Let g(i) = -i**2 - 4*i + 2. Let q be g(-3). Let a = q - -14. Calculate the remainder when a is divided by 10.
9
Let u(x) be the second derivative of -11*x**3/6 - x**2 + 18*x. Calculate the remainder when 17 is divided by u(-1).
8
Suppose 18*r = 48 + 6. Calculate the remainder when (-8 - 1)*2/(-1) is divided by r.
0
Suppose 34*k + 13 = 35*k. Suppose -k*n + 420 = -10*n. What is the remainder when n is divided by 36?
32
Suppose 4*s + 3046 = 5*z - 2705, -2*s = 4*z - 4606. What is the remainder when z is divided by 72?
71
Let v be ((-145)/15 - -1)*3. Let s = v - -28. Calculate the remainder when s/(2 + (-76)/39) is divided by 10.
9
Suppose -4*y - 9 - 8 = m, -y = -4*m + 17. Calculate the remainder when (2/4)/(3015/(-378) - -8) is divided by m.
0
Let y = -163 + 218. What is the remainder when 86 is divided by y?
31
Suppose 0 = 4*j - 30 - 74. Let b be 10/(-35) - 233/(-7). Suppose 2*p - 8 = -2*c, 0*c + 2*c - b = 3*p. Calculate the remainder when j is divided by c.
8
Let r(q) = -4*q - 82. Calculate the remainder when 165 is divided by r(-42).
79
Let s be (2 - (-6)/(-2)) + 2. Let l(q) = q + s + 3 + 8. What is the remainder when 14 is divided by l(-7)?
4
Let b(v) = 5*v**3 + 2*v**2 - v - 1. Let r be b(1). Suppose m - 4 = 2*l + 4, m + 34 = -r*l. Calculate the remainder when 68 is divided by l/(-27) - (-960)/54.
14
Suppose -4*p + 153 + 11 = 2*g, 4*g = -p + 307. Suppose 7*f - 3*f + 4*q = 32, -3*f = -5*q - 48. Calculate the remainder when g is divided by f.
10
Let d = 114 + 80. Suppose -7*i - 61 + d = 0. Calculate the remainder when i is divided by (-2)/(1 + 39/(-33)).
8
Suppose -20 + 5 = 5*f. Let d = 10 + 4. What is the remainder when d + 1 - (-9)/f is divided by 8?
4
Let k be 3*(-12)/9*1. Let f = -2 - k. What is the remainder when -23*1/f*-2 is divided by 12?
11
Calculate the remainder when 159 is divided by (-3)/(40/(-36) + 1).
24
Let a = 82 - -20. Let z be (-36)/21 + ((-8)/28)/1. What is the remainder when a is divided by -3*-52*-4*z/48?
24
Let r(f) = 5*f - 1. Suppose v + 7 = 10. What is the remainder when 27 is divided by r(v)?
13
Suppose 3*d + 9 = 0, -d = -5*l - 128 + 41. Let n = 27 + l. What is the remainder when n is divided by 6?
3
Let c(z) = -z - 5. Let m be c(-8). What is the remainder when (-1 - 68)/(-3) + m is divided by 15?
11
Let b(q) = 6*q**3 + 2*q**2 - 2*q - 2. Let t(f) = f**3 + 8*f**2 - 11*f + 2. Let j be t(-9). Let v = 37 - j. Calculate the remainder when b(2) is divided by v.
16
Suppose -369 = -21*v + 3747. What is the remainder when v is divided by 69?
58
Let g(u) = 2*u**3 - 2*u**2 + 2*u - 1. Let k be g(2). Suppose -10*h - 62 = -k*h. Calculate the remainder when h is divided by 32.
30
Let u = -35 - -9. Let g = 240 - 222. What is the remainder when 2764/52 - (-4)/u is divided by g?
17
Let v = 53 + -29. What is the remainder when ((-423)/(-18))/(-1 - (-7)/6) is divided by v?
21
Suppose 5*w = -r - 1, r + 2*w = -5 + 1. Let u be r*-9*(-2)/4. Let c = -4 - u. What is the remainder when c is divided by 13?
10
Let q = -12 - -8. Calculate the remainder when 1/q - (-3255)/28 is divided by 39.
38
Suppose 15 = -f + 85. Let j(g) = 81*g - 3. Let b be j(1). Let u = b - 54. Calculate the remainder when f is divided by u.
22
Let r(b) be the third derivative of -11*b**4/6 - b**3 + 17*b**2. What is the remainder when 110 is divided by r(-1)?
34
Let i(l) = 4*l**2 + 11*l - 8. Let s be i(-7). What is the remainder when s*3/(-27)*-6 is divided by 26?
22
Let c(q) be the second derivative of -7*q**3/6 + 12*q**2 - 2*q + 12. What is the remainder when c(-7) is divided by 38?
35
Let r(u) = 27*u + 58. Calculate the remainder when 594 is divided by r(1).
84
Calculate the remainder when (-10)/(-30) - 974/(-3) is divided by 82.
79
Let a(g) = 51*g - 686. Calculate the remainder when a(17) is divided by 54.
19
Suppose -4*p - 20 = x - 5*x, -19 = -4*x + 5*p. Suppose 7*i = x*i + 155. Suppose -4*v = v - i. What is the remainder when v is divided by 11?
9
Let m = 40 + -39. Calculate the remainder when 39 is divided by m + -2 - 11/(-1).
9
Let b(c) = -37*c**3 - c**2 + 1. Calculate the remainder when (-32)/112 + (-4584)/(-21) + 1 is divided by b(-1).
34
Suppose 4*o = 3*w + 2*w - 43, -w - 4*o = -23. Let s be (-2 + -1)*208/(-39). Let j = s - w. Calculate the remainder when 7 is divided by j.
2
Let k(b) be the third derivative of b**4/12 + b**3/6 + b**2. Calculate the remainder when 8/32*15*4 is divided by k(4).
6
Suppose -3*j + 87 - 9 = 0. Let w(p) = 6*p - 234 - 241 + p**2 + 469. Calculate the remainder when j is divided by w(-8).
6
Let s(i) = 225*i**2 - 2*i - 3. What is the remainder when s(-1) is divided by 76?
72
Suppose 256 = -10*s + 2*s. Calculate the remainder when (s/(-20))/(2/55) is divided by 7.
2
Let r(h) = 9*h - 4*h + h - 11. Suppose 337 = 4*o + 81. What is the remainder when o is divided by r(4)?
12
Let d = -1271 - -1321. What is the remainder when 399 is divided by d?
49
Suppose 0 = 2*a + 8, 2*x = -3*x - 5*a. Calculate the remainder when 28/36*12 + (-1)/3 is divided by x.
1
Let r(p) = -6*p**2 + 71*p + 7. Calculate the remainder when r(9) is divided by 35.
20
Let s(h) = 4*h - 5. Suppose 2*f - 7*f - 5*b + 30 = 0, -f + 2*b = -21. Calculate the remainder when f is divided by s(2).
2
Let t = 9 - 7. Suppose -3*y = -2*p - 32, t*p - 15 = -p. Suppose -4*l + 110 = -54. Calculate the remainder when l is divided by y.
13
Let k be 10*((-132)/(-20) + -1). Suppose 7*t - k = 819. What is the remainder when t is divided by 9?
8
Let u = -8 - -8. Let y be u + 39/1 + -1. Let f = y + -22. Calculate the remainder when 63 is divided by f.
15
What is the remainder when 27 is divided by (7 - 31)/((-3)/2)?
11
Suppose -2*c + 20 - 6 = 0. Let l = 8 - c. What is the remainder when (-1 + 2)*(73 - l) is divided by 15?
12
Suppose 25*t - 22*t = 27. What is the remainder when (-5 - -1)*13*-1 is divided by t?
7
Calculate the remainder when 150/125*20/6 is divided by 3.
1
Suppose -1529 = -34*a + 23*a. Calculate the remainder when a is divided by 73.
66
Let z(g) = 16*g**3 + 2*g. What is the remainder when z(2) is divided by 2/5 + 24/80*62?
18
Let d(l) = -16*l - 64. Suppose 0 = 4*s - 24*s - 100. Calculate the remainder when d(s) is divided by 3.
1
Let m = 49 + -36. Let u = 12 + -9. Calculate the remainder when m is divided by u.
1
Let w be (-1)/(-1)*1*-25. Let z = 29 + w. Let g(n) = -n + 7. Calculate the remainder when 15 is divided by g(z).
0
Let j = -8 - -20. Let q(k) = -2*k**2 + k. Let v be q(-4). Let b = v + 69. What is the remainder when b is divided by j?
9
Suppose 3*n = i + 2*n - 2, -2 = 3*i - 5*n. What is the remainder when 26 is divided by i?
2
Suppose 66 + 45 = 3*z. Let i